{"id":2341,"date":"2024-12-08T11:38:31","date_gmt":"2024-12-08T02:38:31","guid":{"rendered":"https:\/\/www-mat.eng.osaka-u.ac.jp\/super3dp\/?page_id=2341"},"modified":"2025-05-02T08:58:12","modified_gmt":"2025-05-01T23:58:12","slug":"cmstf2025","status":"publish","type":"page","link":"https:\/\/www-mat.eng.osaka-u.ac.jp\/super3dp\/cmstf2025","title":{"rendered":"The 2nd international symposium on Creation of Materials by Superthermal Field 2025 (CMSTF2025)"},"content":{"rendered":"<p><img decoding=\"async\" loading=\"lazy\" width=\"2560\" height=\"237\" src=\"https:\/\/www-mat.eng.osaka-u.ac.jp\/super3dp\/wp-content\/uploads\/2024\/12\/CMSTF2025-scaled.jpg\" alt=\"\" class=\"alignnone size-medium wp-image-2349\" srcset=\"https:\/\/www-mat.eng.osaka-u.ac.jp\/super3dp\/wp-content\/uploads\/2024\/12\/CMSTF2025-scaled.jpg 2560w, https:\/\/www-mat.eng.osaka-u.ac.jp\/super3dp\/wp-content\/uploads\/2024\/12\/CMSTF2025-300x28.jpg 300w, https:\/\/www-mat.eng.osaka-u.ac.jp\/super3dp\/wp-content\/uploads\/2024\/12\/CMSTF2025-1024x95.jpg 1024w, https:\/\/www-mat.eng.osaka-u.ac.jp\/super3dp\/wp-content\/uploads\/2024\/12\/CMSTF2025-768x71.jpg 768w, https:\/\/www-mat.eng.osaka-u.ac.jp\/super3dp\/wp-content\/uploads\/2024\/12\/CMSTF2025-1536x142.jpg 1536w, https:\/\/www-mat.eng.osaka-u.ac.jp\/super3dp\/wp-content\/uploads\/2024\/12\/CMSTF2025-2048x190.jpg 2048w\" sizes=\"(max-width: 2560px) 100vw, 2560px\" \/><br \/>\nWe are pleased to announce that the 2nd international symposium on Creation of Materials by Super-Thermal Field 2025 (CMSTF2025) will be held in Yokohama, Japan from December 8 to 13, 2025, as a symposium of Materials Research Meeting (MRM 2025), which is the first cross-disciplinary international conference in Japan launched by the Materials Research Society of Japan (MRS-J) in 2019.<br \/>\n<br \/>\nWebsite of Materials Research Meeting2025 (MRM2025): <a href=\"https:\/\/mrm2025.mrs-j.org\/\">https:\/\/mrm2025.mrs-j.org\/<\/a><br \/>\nWebsite of CMSTF2025: <a href=\"https:\/\/www-mat.eng.osaka-u.ac.jp\/CMSTF2025\">https:\/\/www-mat.eng.osaka-u.ac.jp\/CMSTF2025<\/a><br \/>\n(Additional Information: <a href=\"https:\/\/sites.google.com\/view\/cmstf2025\">https:\/\/sites.google.com\/view\/cmstf2025<\/a>)<br \/>\n<br \/>\nThis conference is held as a part of the project \"Creation of Materials by Super-Thermal Field: Neo-3D printing by Manipulating Atomic Arrangement through Giant Potential Gradient\". The target of this area is the mechanisms of unique crystal growth under super-thermal fields generated by local heating by electron beams or lasers, which have been found to occur in metal 3D printing (3DP). Studies conducted in this project include, \"Advanced in-situ observations, such as high-speed temperature field analysis\", \"Synchrotron X-ray transmission imaging\", Computer Simulations, such as computational thermal fluid dynamics (CtFD), phase-field (PF) method, molecular dynamics (MD), and their validation by experiments to elucidate the mechanisms. Furthermore, artificial intelligence to analyze the process of microstructure to structure performance correlation and establish the Science for Creation of Materials by Super-Thermal Field, which contributes to the creation of new materials, such as 3DP of single-crystals. The outcomes will contribute to a great novelty in materials science.<br \/>\nThe scope of this symposium includes, but not limited to, scientific studies on experiments, computer simulations, and data sciences related to the following topics<br \/>\nTopic 1 \tInteractions between quantum beams and materials in the formation of super-thermal fields<br \/>\nTopic 2 \tCrystal growth in super-thermal fields represented by a temperature gradient higher than 10M K\/m<br \/>\nTopic 3 \tFormation mechanisms and the characterization of microstructures in AM<br \/>\nTopic 4 \tEffects of residual stress and compositional modulation on materials\u2019 properties in AM<br \/>\nTopic 5 \tMethods and techniques to control and optimize the microstructure in AM<br \/>\nTopic 6 \tApplications and challenges of materials formed under extreme conditions in AM<br \/>\nTopic 7 \tAnisotropy of properties of materials highly oriented by crystal growth under extreme conditions.<br \/>\nTopic 8 \tThe creation of new materials by utilizing a large temperature gradient and rapid solidification<br \/>\nTopic 9 \tInfluences of thermal stress on materials\u2019 properties fabricated in AM, and their mitigation<br \/>\nTopic 10 Experimental, computational, and data-driven studies relevant to the above-mentioned phenomena<br \/>\nWe look forward to welcoming you to YOKOHAMA to participate in the symposium.<br \/>\n<br \/>\n<b>Symposium Organizers<\/b><br \/>\n<b>Representative<\/b>: \tYuichiro KOIZUMI, Osaka University<br \/>\n<b>Correspondence<\/b>: \tKazuhisa SATO, Osaka University<br \/>\n<b>Co-Chairs<\/b>:\tTakayoshi NAKANO, Osaka University, Japan<br \/>\n\tYoshitaka ADACHI, Nagoya University, Japan<br \/>\n\tKohei MORISHITA, Kyushu University, Japan<br \/>\n\tKazuhisa SATO, Osaka University, Japan<br \/>\n\tYoshiaki TODA, National Institute for Materials Science (NIMS) , Japan<br \/>\n\tTakuya ISHIMOTO, University of Toyama, Japan<br \/>\n\tTeiichi KIMURA, Japan Fine Ceramics Center (JFCC) , Japan<br \/>\n\tEric J\u00c4GLE, Universit\u00e4t der Bundeswehr M\u00fcnchen, Germany<br \/>\n\tAlbert C. TO, University of Pittsburg, USA<br \/>\n<br \/>\n<b>IMPORTANT DATES<br \/>\nAbstract Submissions Deadline: May 30, 2025<br \/>\nNotification of Acceptance: July 15, 2025<\/b><br \/>\n<br \/>\nMRM2025 Held in Yokohama: December 8-13, 2025<br \/>\nWelcome Reception: December 8, 2025<br \/>\nBanquet of MRM2025: December 11, 2025<br \/>\n<br \/>\nRegistration Site Opens: July 15, 2025<br \/>\nEarly-bird Registration Deadline: September 30, 2025<br \/>\nRegular Registration Deadline: November 10, 2025<br \/>\nOn-site Registration: On and after November 10,<br \/>\n<a href=\"https:\/\/mrm2025.mrs-j.org\/\">https:\/\/mrm2025.mrs-j.org\/<\/a><\/p>\n","protected":false},"excerpt":{"rendered":"<p>We are pleased to announce that the 2nd international symposium on Creation of Materials by Super-Thermal Fiel [&hellip;]<\/p>\n","protected":false},"author":1,"featured_media":0,"parent":0,"menu_order":0,"comment_status":"closed","ping_status":"closed","template":"","meta":{"_bbp_topic_count":0,"_bbp_reply_count":0,"_bbp_total_topic_count":0,"_bbp_total_reply_count":0,"_bbp_voice_count":0,"_bbp_anonymous_reply_count":0,"_bbp_topic_count_hidden":0,"_bbp_reply_count_hidden":0,"_bbp_forum_subforum_count":0,"_links_to":"","_links_to_target":""},"_links":{"self":[{"href":"https:\/\/www-mat.eng.osaka-u.ac.jp\/super3dp\/wp-json\/wp\/v2\/pages\/2341"}],"collection":[{"href":"https:\/\/www-mat.eng.osaka-u.ac.jp\/super3dp\/wp-json\/wp\/v2\/pages"}],"about":[{"href":"https:\/\/www-mat.eng.osaka-u.ac.jp\/super3dp\/wp-json\/wp\/v2\/types\/page"}],"author":[{"embeddable":true,"href":"https:\/\/www-mat.eng.osaka-u.ac.jp\/super3dp\/wp-json\/wp\/v2\/users\/1"}],"replies":[{"embeddable":true,"href":"https:\/\/www-mat.eng.osaka-u.ac.jp\/super3dp\/wp-json\/wp\/v2\/comments?post=2341"}],"version-history":[{"count":27,"href":"https:\/\/www-mat.eng.osaka-u.ac.jp\/super3dp\/wp-json\/wp\/v2\/pages\/2341\/revisions"}],"predecessor-version":[{"id":2602,"href":"https:\/\/www-mat.eng.osaka-u.ac.jp\/super3dp\/wp-json\/wp\/v2\/pages\/2341\/revisions\/2602"}],"wp:attachment":[{"href":"https:\/\/www-mat.eng.osaka-u.ac.jp\/super3dp\/wp-json\/wp\/v2\/media?parent=2341"}],"curies":[{"name":"wp","href":"https:\/\/api.w.org\/{rel}","templated":true}]}}